te the remainder when 221 is divided by k.
4
Suppose m = -2*d + 52 - 8, 4*d - 84 = -3*m. What is the remainder when 191716/1002*(-6)/(-4) is divided by d?
23
Suppose -2*d + 3*p + 29 = 0, 0 = 2*d - 123*p + 122*p - 27. Calculate the remainder when 47 is divided by d.
8
Let f(y) = -y**3 - 17*y**2 - 52*y - 22. What is the remainder when 4480 is divided by f(-14)?
114
Suppose 5*i = 5*y - 2635, 6*y + 1048 = 8*y + 4*i. Suppose y*x - 20 = 522*x. What is the remainder when 333 is divided by x?
3
Suppose 3*j + 3 = -9, -2*g = -3*j - 146. Let o = g - -11. Calculate the remainder when o is divided by 48.
30
Let j = 313 + -264. Suppose j*q + 815 = 54*q. Calculate the remainder when q is divided by 56.
51
Let j(h) = -4*h + 197. Let l = 669 - 654. Let m = 45 + -10. Calculate the remainder when j(l) is divided by m.
32
Let t = -7516 - -7527. Calculate the remainder when 36563 is divided by t.
10
Let w = 666 - 360. Suppose w = 12*o + 5*o. What is the remainder when 32 is divided by o?
14
Suppose -165*z = 500*z - 29260. Suppose 0*o - 5*o + 645 = 0. What is the remainder when o is divided by z?
41
Suppose 13*z = 25*z + 22*z - 28628. Calculate the remainder when z is divided by 147.
107
Let p = 475 - 307. Suppose -318*t = -310*t - p. Calculate the remainder when t is divided by 11.
10
Suppose 9*w - 11*w = -2*j - 330, 5*j + 141 = w. What is the remainder when 369 is divided by w?
27
Let l = 0 - -4. Suppose 0 = -l*q + q + 177. What is the remainder when q is divided by (-672)/(-22) + ((-1068)/1246)/((-11)/(-7))?
29
Suppose -5*b + 2*g - 269 + 879 = 0, b = 3*g + 122. Suppose f - 3*l = -0*f + 37, -3*f - 3*l + 87 = 0. Calculate the remainder when b is divided by f.
29
Suppose 3*v - 495 = -3*y, y = -2*v + 2*y + 342. Calculate the remainder when v is divided by 2 + 2/5 + 2676/60.
28
Let y(z) = z**3 + 20*z**2 + 15*z - 70. Let g = -21 - -49. What is the remainder when g is divided by y(-19)?
4
Suppose 0 = -0*z - 2*z + 5*t + 125, 0 = 2*z - 3*t - 131. Let u = z + -210. Calculate the remainder when 29 is divided by 4/18 + u/(-18).
5
Suppose -4*t + 13*t = 36. Suppose 3*o - 29 + 11 = 5*p, -o + 6 = -2*p. Suppose 5*j + 4 = o*j. What is the remainder when j is divided by t?
0
Suppose 3*r - 4*r + 124 = 0. Suppose 5*y - 2*m = 1397, -1270 = -5*y - m + r. Suppose -7*v + y = 2*v. Calculate the remainder when v is divided by 11.
9
What is the remainder when 1606 is divided by ((-2648)/5 - (-111)/185)/(-1) + -1?
22
Suppose -185 = 2*u - 1535. Let v = -493 + u. Calculate the remainder when v is divided by 19.
11
Let o be 2/17 + 8646/(-374). What is the remainder when 46 is divided by -3 - -2 - (-5 + o)?
19
Let d be 12/7 + -3 + 69/21. Suppose 38 = d*u - 4*i, -3*i = 3*u - i - 97. Calculate the remainder when ((-5)/5)/((-1)/85) is divided by u.
27
Let r(t) = t**3 - 31*t**2 + 104*t - 514. Calculate the remainder when 280 is divided by r(28).
4
Let k be ((-27)/6)/(-9)*-12. Let a be (8/k)/((-13)/234). Let n = 39 - a. Calculate the remainder when 23 is divided by n.
8
Let x = 217 - 205. Suppose -1995 = -x*a + 885. Calculate the remainder when a is divided by 11.
9
Suppose k = 3*i - i - 762, -4*i + 1510 = 5*k. Suppose -5*y = -9*y + i. Suppose 12*g + 123 = 507. Calculate the remainder when y is divided by g.
31
Let s be 1 - -14 - (0/(-3))/(-3). Let u = 89 - s. Calculate the remainder when u is divided by 3.
2
Let f be ((-114)/171)/(-1*(-1)/(-3)). Suppose 2*n + u - 3*u = 170, -4*n - f*u = -352. What is the remainder when n is divided by 13?
9
Let l(i) = -21*i + 75. Let t be l(-9). Suppose -b + 284 = t. Calculate the remainder when 75 is divided by b.
15
Let h be -35*(-1 + 30/42). Suppose 19*r - h*r - 54 = 0. Let u = 0 + 5. Calculate the remainder when r is divided by u.
1
Suppose 191 = 9*a - 79. Let g = 11 - 39. What is the remainder when (g/10)/((-19)/1615) is divided by a?
28
Suppose 349 = 13*m - 94*a + 93*a, 3*a - 141 = -5*m. What is the remainder when 81 is divided by m?
0
Let v(g) = -g**3 + 71*g**2 + 302*g - 100. Calculate the remainder when 390 is divided by v(75).
40
Let d(p) = -33*p - 6. Let r = -43536 + 43563. What is the remainder when d(-5) is divided by r?
24
Suppose -2*j = -4*k - 4*j + 110, 0 = -j - 1. What is the remainder when k is divided by 28?
0
Calculate the remainder when 2677 is divided by 1/12*(-117 + 321).
8
Let v be (-2 - 7)*14/6. Let w = v + 34. What is the remainder when (-36)/(-24)*(-7)/(84/(-496)) is divided by w?
10
Suppose -47 = -4*d - 5*p, 5*p + 26 = 4*d + 3*p. Suppose -4*q = d*q - 612. Calculate the remainder when q is divided by 37.
14
Let c = -4942 - -5074. What is the remainder when c is divided by 55?
22
Let g(o) = 17*o**3 + 579*o**2 + 33*o + 26. Calculate the remainder when g(-34) is divided by 28.
4
Let u(l) = 2*l**3 - 4 - l**2 + 5*l + 12*l - 23*l. Calculate the remainder when 64 is divided by u(3).
18
Suppose 44*i - 43297 + 13421 = 0. What is the remainder when i is divided by 93?
28
Let u(t) = 6*t + 39. Let p be u(-11). Let l = 71 + p. Suppose -9 = -3*w + 39. Calculate the remainder when l is divided by w.
12
Suppose -111*d = -110*d + n - 1540, -n = -6. Calculate the remainder when d is divided by 511.
1
Let z = -1339 - -1401. What is the remainder when 84 is divided by z?
22
Let y = 19 - 22. Let q be -3 - (-1*91 - y). Suppose -3*p = -92 - q. Calculate the remainder when p is divided by 10.
9
Let m = 3365 - 3329. Calculate the remainder when 2373 is divided by m.
33
Suppose -54*o + 440 = -1612. Calculate the remainder when 1090 is divided by o.
26
Let f(j) = 38*j - 16. Calculate the remainder when f(3) is divided by ((-4)/(-8))/(14/952).
30
Let d = 5 + 1. Calculate the remainder when (-17)/(-1) - (d + -2) is divided by 10.
3
Let v(z) = -20*z**2 - 1291*z - 175. Calculate the remainder when v(-60) is divided by 21.
14
Let j(k) = 11*k**2 + 18*k + 6. Let i = 43 - 27. What is the remainder when j(-4) is divided by i?
14
Let h(y) = 2*y**2 + 18*y - 7. Suppose -4*g + 24 = -8*l + 6*l, 5*g + 25 = -3*l. Calculate the remainder when 90 is divided by h(l).
12
Let z = 9468 + -9210. Calculate the remainder when z is divided by 36.
6
Let j = 7079 - 6946. What is the remainder when j is divided by 28?
21
Suppose 2*v = -v + 282 + 24. What is the remainder when 224 is divided by v?
20
Let d = 110 + -99. Let v = -7 + 11. Suppose v*j - 2*p - 24 = 0, -2*p - d = -j + p. What is the remainder when 18 is divided by j?
3
Suppose 2*u = 4*i - 0*u - 142, i + 3*u - 46 = 0. Suppose 20*k = i*k - 561. Suppose -5*v - 17 = -6*v. Calculate the remainder when k is divided by v.
16
Suppose -10 = -5*u - 2*p, -2*u - p + 5 = 3*u. What is the remainder when (22 - u)*6/12 is divided by (-1)/(-4) + (-22)/(-8)?
2
Calculate the remainder when -2 + (-5)/((-200)/51248)*5 is divided by 7.
6
Suppose 49001 - 50205 = -14*q. Let u(m) = 7*m**2 + 1. What is the remainder when q is divided by u(-1)?
6
Let c be (13/(-7) + 1)*(-56)/16. Let x(v) = 0*v + 28 + 2*v + c - 2. Calculate the remainder when 39 is divided by x(-9).
6
Suppose 0 = 3*f + 5*i - 64, -78 = -5*f + f - 3*i. What is the remainder when (-9)/(-6)*(2118/f + -3) is divided by 46?
34
Suppose -12*m - 3 = -27. Suppose -m*d + 188 + 297 = -3*j, -4*d + 981 = 5*j. What is the remainder when (d/(-12))/(3/(-18)) is divided by 31?
29
Let d = 20 + 7. Suppose -2*s + 3*x + d = 0, 4*s - 5*x = -28 + 79. Suppose t = -s*t + 180. Calculate the remainder when 51 is divided by t.
15
Suppose -4*m + 16968 = 97*m. What is the remainder when 1507 is divided by m?
163
Let f = -358 + 361. Calculate the remainder when 63 is divided by f.
0
Let w = -405 + 144. Let g = -256 - w. What is the remainder when 43 is divided by g?
3
Suppose 0 = -p - 0 + 5, -3*p - 21 = -4*c. Let y be (6 - c)/(6/16). What is the remainder when (3/9 - y/12) + 42 is divided by 11?
10
Suppose -486 = -5*s - 4*s. Let j = -30 + s. Calculate the remainder when (8/(-12))/(14/(-1869)) is divided by j.
17
Let x(n) = -10*n**2 + 101*n + 5. Suppose -3*u + 3*t + 666 = 0, -5*u - 2*t - 133 = -1250. Calculate the remainder when u is divided by x(10).
13
Suppose 2*g - 10*u + 8*u - 58 = 0, 3*g - 81 = -3*u. Let n(r) = 4*r - 87. Calculate the remainder when n(g) is divided by 10.
5
Let o = 46 - -49. Let k = -774 + 774. Suppose v = -4*h + 49 + 47, 2*h - 4*v - 48 = k. What is the remainder when o is divided by h?
23
Let i be ((